t q = w + 2. Let n(o) = 99*o**2. Let j be n(q). Calculate the greatest common factor of j and 9.
9
Let o = -6 + 8. Let c(s) = -s + 1 + s + s**3 + 3*s**o + 6*s + 4*s**2. Let t be c(-5). What is the highest common factor of t and 21?
21
Suppose -6*c + 1116 = -3*c. Suppose 2*v - 3*v - 479 = -5*b, -4*b - 2*v = -c. Calculate the greatest common divisor of 38 and b.
19
Let r be (-9732)/(-52) - 4/26. Calculate the highest common factor of r and 22.
11
Suppose -f - 5*w - 20 = 0, 3*f - 3*w - 7 - 23 = 0. What is the greatest common factor of 85 and f?
5
Let y = 918 - 652. What is the greatest common factor of 38 and y?
38
Let p be (12 + 0)/(51/748). Suppose -l + p = l + 2*t, 4*l - 356 = -5*t. What is the highest common divisor of l and 36?
12
Let y = 4236 + -2711. What is the greatest common factor of 25 and y?
25
Let p be (-3710)/21*(-57)/38. What is the greatest common factor of p and 15?
5
Let n(b) = -b**3 - 14*b**2 + 16*b + 21. Let x be n(-15). Calculate the greatest common divisor of x and 642.
6
Let o(f) = f + 8. Let z be o(-4). Let w = -370 + 559. Suppose -138 = -5*i + 4*g + 75, z*i + 3*g = w. What is the highest common divisor of 9 and i?
9
Let n = 259 - 220. What is the greatest common factor of 13 and n?
13
Let d(b) = -b. Let q be d(-2). Suppose 2*k - 4*c = 28, k = -q*c + 11 - 1. Calculate the greatest common divisor of 36 and k.
12
Let c(y) = -y**3 + 7*y**2 - 6*y - 5. Let k be c(6). Let g = k - -2. Let x be (-3)/(g/2)*4. Calculate the greatest common divisor of 88 and x.
8
Suppose -5*s - 845 = -3*u, 4*s + u + 683 = 2*u. Let d = 397 + s. What is the greatest common divisor of 25 and d?
25
Suppose -31*n + 45 = -30*n. Calculate the greatest common divisor of n and 99.
9
Let r be (-22)/(-26) + -1 + 1605/39. What is the highest common divisor of 1681 and r?
41
Suppose 13*w + 1 = 14*w. What is the greatest common divisor of w and 9?
1
Let t = 58 + -39. Suppose 0 = o - 3*u - 64, 7*o + 4*u - 320 = 2*o. Suppose -o - 12 = -4*d. Calculate the greatest common divisor of t and d.
19
Let o(g) = -g**3 + 9*g**2 + 8*g - 58. Let d be o(4). Suppose -5*n + 36 = -3*n. What is the highest common divisor of n and d?
18
Suppose 5*w - 68 + 3 = 0. Let v = w - 5. Suppose -168 = -4*y + v. What is the greatest common factor of 22 and y?
22
Let l(s) = s**3 + 5*s**2 - 7*s - 5. Let b be l(-6). Let d be 15 + 5 + (b - 1). What is the highest common divisor of d and 160?
20
Let a be (-1 + -14)*(2 + (-128)/40). Calculate the highest common divisor of a and 42.
6
Suppose 12*i - 537 = 435. What is the greatest common divisor of i and 27?
27
Suppose -y = 1 - 6. Let t be ((-22)/10)/((-444)/(-150) - 3). What is the highest common divisor of y and t?
5
Let f = -917 + 929. Let l = -826 + 1609. Suppose -4*m - 3*c + 516 = 0, 5*m = 5*c + l - 103. What is the highest common divisor of m and f?
12
Suppose -6 = -2*m + 2. Let i be (15 - (m + -2)) + -5. What is the highest common factor of i and 56?
8
Suppose 365 = 4*f - 19. Let m be ((-24)/(-38))/((-356)/(-3382)). What is the greatest common divisor of f and m?
6
Suppose 14*m - 1523 - 409 = 0. What is the highest common factor of m and 184?
46
Suppose 0 = 16*l - 17*l + 3. What is the greatest common divisor of 9 and l?
3
Let c(v) = -v**3 - 4*v**2 + 5*v. Let b be c(-5). Suppose b = 4*r - 4*h - 44, 5*r + 3*h - 63 = 4*h. Calculate the highest common divisor of 91 and r.
13
Suppose -w = -5*w + 8. Let n(b) = -b**3 - 7*b**2 + b - 7. Let z be n(-7). Let r = 28 + z. What is the highest common divisor of r and w?
2
Suppose 4*k - 12 = -2*r, -2*k - 5*r - 2 = -0*r. Suppose -4*v = 2*p - 12, 0*v = k*p - v - 60. Calculate the greatest common factor of 28 and p.
14
Let k(u) = 61*u - 23. Let r = -10 - -13. Let q be k(r). What is the highest common factor of 64 and q?
32
Suppose 16 = -v + 9*v. Let w(f) = 5*f**3 + f + 2. Let g be w(v). What is the greatest common divisor of g and 4?
4
Let s be 465/120 + 2/16. Let r be (-340)/(-2) + (-2 - 0). Let a be ((-4)/6)/((-4)/r). Calculate the greatest common factor of a and s.
4
Let s be (50 + -56)/(3/(-11)). Suppose 3*k - 165 = -0*k. What is the greatest common factor of k and s?
11
Let r = -18 - -18. Suppose -2*q - 2 - 10 = r. Let h = 8 - q. What is the greatest common divisor of h and 7?
7
Suppose -5*j + 42 = q, 0*j - 84 = -2*q - 2*j. Suppose q = 2*k + k. Let m be 780/28 + 2/k. What is the highest common divisor of m and 70?
14
Let a(u) = 5*u + 7 + 2 + u**2 - 26 + 9. Suppose -7*l = -2*l + 40. Let k be a(l). What is the greatest common factor of k and 48?
16
Let r = 361 - 313. Calculate the greatest common divisor of 132 and r.
12
Suppose 2*p + 2 = 5*m, 22 = m + 17*p - 12*p. What is the greatest common divisor of m and 6?
2
Let x be (-4)/(-10) - (-53)/5. Suppose 0 = -3*r + 89 - 83. Suppose u - 43 = -c - x, r*c = -4*u + 64. Calculate the greatest common divisor of 80 and c.
16
Let d(a) = -a**2 - 100*a + 1644. Let v be d(14). Suppose -4*h + 2835 = 1107. Calculate the greatest common factor of h and v.
48
Let i = 70 - 73. Let b(x) = -13*x - 9. Let c be b(i). What is the greatest common divisor of 45 and c?
15
Let i be 7/14*(0 + 2). Let z be -6*i/2 - -11. Suppose -h + 0*b = 4*b - 20, h - 2*b = 50. What is the highest common divisor of z and h?
8
Let m = -285 + 1048. What is the greatest common divisor of 545 and m?
109
Suppose 2*g - 2*i + 3*i - 126 = 0, -2*g + 132 = -2*i. Let v be 1 + g/((-4)/(-2)). What is the greatest common factor of v and 22?
11
Let j = 37 + -39. Let k(m) = 6*m**2 - 3*m - 4. Let v be k(j). What is the greatest common factor of v and 13?
13
Let u be (0 + -23)/(-2 - -1). Let r be 143 - ((9 - 8) + -2 + 6). Calculate the highest common factor of r and u.
23
Let b be (-9)/6*1*-24. Suppose k - 42 = -b. What is the highest common factor of 66 and k?
6
Suppose 5*p + 374 = 3*h, -3*p = 3*h - 184 - 206. Suppose -h = -5*z - 28. What is the greatest common factor of z and 140?
20
Suppose -116 = -22*m - 6. Let d(c) = c + 2. Let n be d(-2). Suppose n = -m*p - 10, -26 = -0*w - w + 4*p. Calculate the highest common divisor of w and 12.
6
Suppose 8*x - 138 - 150 = 0. What is the highest common divisor of 27 and x?
9
Suppose -4*w + 2*l + 327 = -159, -w + 3*l + 129 = 0. What is the highest common divisor of w and 45?
15
Let m = 38 + 14. Let x(z) = 26*z + 208. Let r be x(-4). What is the greatest common divisor of r and m?
52
Let c be (-4)/(-10) - 912/30. Let q = c + 58. What is the highest common divisor of q and 70?
14
Let l(z) = z + 13. Suppose -3*i + 5*f + 22 = 0, 2*f + 1 = i - 7. Let h be l(i). Calculate the highest common divisor of 17 and h.
17
Let m = 415 - 375. Suppose b + b - 720 = 0. What is the greatest common factor of b and m?
40
Suppose 141*z - 1285 = -1003. Suppose -10 = 4*u - 38. Let n = 10 - u. Calculate the greatest common divisor of z and n.
1
Let z(m) = m**2 - 5*m + 2. Let x be z(4). Let u be (-16 + x)/(2 - 3). What is the highest common divisor of 36 and u?
18
Suppose -45 = -3*y + p, -y = -6*p + 3*p - 7. Let j = -64 - -96. What is the highest common factor of j and y?
16
Suppose 5*y - 385 = -5*n, 0 = -3*n + 2*y + 2*y + 217. Let p = -46 - -76. Calculate the highest common divisor of p and n.
15
Suppose 0 = 11*d - 105 + 952. Let k = d + 99. Calculate the greatest common divisor of k and 22.
22
Let y be (1 - -1) + (-24)/(-12). Suppose y*h + g = 31, -3*h - 20 = -5*h + 4*g. What is the greatest common factor of h and 40?
8
Let c = 158 + -113. Suppose 22*x - 5*a = 20*x + 70, -116 = -4*x + 4*a. Let l = c - x. Calculate the greatest common factor of 5 and l.
5
Let n = -2121 + 2132. Suppose 14 + 30 = 4*g. Calculate the greatest common factor of n and g.
11
Suppose -19*q + 146 = -899. Suppose 4*l - 38 = 6. What is the greatest common divisor of l and q?
11
Let g be 14/(-56) - 9/(-4). Suppose g*a + 5*s - 75 = 0, a - 3*s - 3 = 51. What is the greatest common factor of 30 and a?
15
Let l = -384 + 441. Calculate the highest common factor of 152 and l.
19
Let i be (-3)/((-50)/35 + 1). Let h be 2/((-1863)/(-465) + -4). Suppose 0 = -5*x - g + h, 2*x = -g + 36 + 85. Calculate the greatest common factor of i and x.
7
Let g(l) = -29*l - 3. Let p be 3/(-3) - (2 + -1). Let i be g(p). Let h(j) = -4*j + 2. Let x be h(-5). What is the highest common divisor of i and x?
11
Let n = 16 + -3. Let x = n + -9. Suppose g - 22 